t the prime factors of v.
3, 7, 11, 13
Suppose -422 = 2*y + 166. Let z = 538 + y. What are the prime factors of z?
2, 61
Let b(g) = 76*g**3 + 5*g**2 + 34*g - 190. List the prime factors of b(6).
2, 5, 11, 151
Suppose 127*k - 63026 = -2*j + 126*k, -2*j + 63042 = 5*k. List the prime factors of j.
31511
Let d = 160836 + -110310. List the prime factors of d.
2, 3, 7, 401
Suppose 119213 = 16*o - 2211. What are the prime factors of o?
7589
Let p be (55/(-3) + -2)/(4/(-12)). Let w = p - 57. Let b(x) = 55*x + 32. What are the prime factors of b(w)?
2, 3, 7
Let b(l) be the first derivative of -238*l**2 - 10*l + 115. What are the prime factors of b(-1)?
2, 233
Let n(a) = -a + 4. Let i be n(-2). Suppose -48 = x + 3*t, -i*t = -t - 5. Let w = 65 + x. What are the prime factors of w?
2, 7
Let u(m) = 79*m + 12. Let i be u(12). Suppose 221*r - i = 218*r. List the prime factors of r.
2, 5
Let z(p) = 5*p**2 + 33*p + 336. List the prime factors of z(-46).
2, 37, 127
Let y(w) = 80*w - 723. Let k be y(9). Let i(r) = -r**2 + 5*r - 5. Let h be i(6). List the prime factors of h/(2 - (0 - k)).
11
Suppose 0*y = 4*y - 1456. Let f = 1144 - 628. Let t = f - y. List the prime factors of t.
2, 19
Suppose -3*s = 2*p - 10344, -430*s + 432*s = 5*p + 6877. What are the prime factors of s?
2, 1723
Let b = 29974 - 53900. What are the prime factors of b/(-56) - 1*1/4?
7, 61
Suppose -10960 = 68*u - 78*u. What are the prime factors of u?
2, 137
Let y(b) = b**3 + 16*b**2 + 17*b + 18. Let x be y(-15). Let o(h) = -5 - 3 - 15*h**2 + 28*h + 18*h**2. What are the prime factors of o(x)?
2, 11
Let z = -21 - -295. Let x = z + -128. Let p = x - 47. List the prime factors of p.
3, 11
Let d(f) = -6067*f - 600. What are the prime factors of d(-2)?
2, 73, 79
Let o(h) = 49*h. Let w be o(0). Suppose w = 52*t - 11663 - 18133. What are the prime factors of t?
3, 191
Let x be (-3)/(60/(-64)) + 3/(-15). Suppose 3*j + x*r + 15 = 0, -8*j + 5*r - 38 = -4*j. What are the prime factors of (-613)/(-3) - j/(-21)?
2, 3, 17
Suppose 3*u = -g - 3*g + 8, -u + g - 2 = 0. Suppose u = -5*x - 5*y + 585, x - y = -x + 219. Let s = x - 64. What are the prime factors of s?
2, 3
Suppose 5*y = -2*k, -k - 25 = -6*k. List the prime factors of (3/6)/(y*6/(-7800)).
5, 13
Let i = -15 - -22. Let y(f) = 10*f. Let q be y(i). Let x = -25 + q. List the prime factors of x.
3, 5
Let i = 6 - -3. Suppose i*s = 5*s + 8. List the prime factors of s - -1 - (-110 - 0).
113
Suppose 4*b + 22387 = 2*d + 72201, -3*b - 5*d + 37341 = 0. List the prime factors of b.
2, 11, 283
Let a be ((-1)/3)/((-1)/(-15)). Let m be (a + 6)*0/(-1). What are the prime factors of (255/30)/(m - (-1)/8)?
2, 17
Suppose 230*z = 215*z + 72285. What are the prime factors of z?
61, 79
Let a = 259 - 265. List the prime factors of (-2)/a*(-16 - -544).
2, 11
Let y(n) = -4*n + 29. Let b be y(7). Suppose 0 = 3*t + t + 2*x + 18, 5*t - 10 = 4*x. What are the prime factors of -1 + 692/8 - b/t?
2, 43
Let y(k) = 8*k**2 - 6*k + 5*k**2 + 7*k**2 - 8*k**2 - 145. List the prime factors of y(-9).
881
Let h = 18 + -10. Let o be (-8230)/40 + (-2)/h. Let x = -137 - o. What are the prime factors of x?
3, 23
Let h(a) = 13*a. Let k be h(4). Suppose b - 2*j + 6*j + 28 = 0, -5*b + 2*j - 118 = 0. List the prime factors of -2 - k/b - (-2481)/18.
2, 3, 23
Let k = 36 - 99. Let x = -58 - k. Suppose w - m = 96, -3*w = -x*w - 5*m + 157. What are the prime factors of w?
7, 13
Suppose 1 - 3 = -a. Suppose -5*u - 72 = -a*u. Let w = 38 - u. List the prime factors of w.
2, 31
Let m(b) = -55 - 6*b + 2 + 60. Let p(o) = -o**3 - 4*o**2 - 4*o - 2. Let t be p(-2). List the prime factors of m(t).
19
What are the prime factors of (22293/7)/((-5)/(-35))?
3, 2477
Let q be 2 + (44 - 1 - 10/(-5)). Let m = q + -43. List the prime factors of 14 + (-1)/m*0.
2, 7
Suppose 19 = 6*w - 5. Suppose 4*a = 4*b + 24, w*a + 3*b - 10 = -0*a. Suppose 5*y - 91 = -a*u + 60, -127 = -4*u + 3*y. List the prime factors of u.
2, 17
Suppose 0 = 4*k, 85 = -2*i + 5*k - 41. What are the prime factors of 10/(249/i - -4)?
2, 3, 5, 7
Let n(c) = -14*c**3 + 4*c**2 - 23*c + 18 + c**2 + 9*c**3 + 6*c**3. Let i be n(-8). What are the prime factors of -12*(-5 + (-125)/i)?
2, 3, 5, 7
Suppose 171*d - 178*d = 0. Let u(r) = r**2 - 29*r + 1295. List the prime factors of u(d).
5, 7, 37
Let t = 26113 - 14500. What are the prime factors of t?
3, 7, 79
Suppose 48 = r + 2. Suppose -9*o + 989 = -r. Let k = o + -43. List the prime factors of k.
2, 3
Let w be 2/(-5) - 51/(-15). Suppose 3*x + 0*x + 330 = w*d, -4*d - 4*x + 472 = 0. Suppose -396 - d = -5*y. List the prime factors of y.
2, 3, 17
Let x(w) = 2*w**2 - 3*w + 15. Let s be x(10). Suppose 2790 = -179*b + s*b. List the prime factors of b.
3, 5, 31
Suppose -390 + 1540 = 46*h. Suppose -h*u - 9*u = -34986. List the prime factors of u.
3, 7
Let x(l) be the second derivative of 7/6*l**3 + 11/12*l**4 + 10*l + 0 - 11/2*l**2. What are the prime factors of x(3)?
109
Suppose -l + 4*l - 21 = 0. Let j = l + -15. What are the prime factors of (111/(-4))/(3/j)?
2, 37
Suppose 3*u = -49 + 55. List the prime factors of u/18 + (-808)/(-18).
3, 5
Let v = -187 + 180. Let r(f) = -f**3 + 2*f**2 - 54. What are the prime factors of r(v)?
3, 43
Suppose 0 = 4*t + 6 - 26. Let g be t*2/55 + (-53)/(-11). Suppose -y + 22 = g*n, -5*n - 50 = -y + 12. List the prime factors of y.
2, 3, 7
Let x(c) = -13*c - 94. Let p be x(-7). What are the prime factors of (-1250)/p + 2/6 + -2?
5, 83
Let o(j) = 2*j**2 + 31*j + 6. Suppose -l = -3 - 2, -5*m - 100 = l. What are the prime factors of o(m)?
3, 79
Suppose 3*v - o - 39447 = 0, -5*o = 9*v - 14*v + 65745. List the prime factors of v.
3, 487
Let l(c) = -c**3 + c**2 - 4*c + 13. Let p be l(3). Let y(z) = -z**3 - 13*z**2 + 23*z + 10. List the prime factors of y(p).
5, 31
Let b(u) = -3*u**2 + 42*u + 10. Let r be b(-12). Let p = -303 - r. What are the prime factors of p?
7, 89
Let a(d) = 131*d**2 - 23*d + 2. Let f be 10*(-6)/12 - -3. What are the prime factors of a(f)?
2, 11, 13
Suppose 0*b - 849 = 2*c + 3*b, -2*c - 870 = -4*b. Let f = c + 958. List the prime factors of f.
23
Suppose 35 - 2355 = -10*w. Suppose 5*o - w = -4*d, d - 5*d = 4*o - 228. What are the prime factors of d?
53
Suppose -24*p - 11226 = -199398 - 138804. List the prime factors of p.
2, 13, 131
Let k = 527 + -524. What are the prime factors of -2 + k + 3 + 780?
2, 7
Let x(k) = k**3 - 8*k**2 + 6*k - 2. Let b be x(7). Suppose -4*v + 7*v - m = -18, -2*m = -4*v - 24. List the prime factors of (999/v)/b*2.
37
Suppose 161*y = 154*y + 735. Suppose 5*a + 17*i = 15*i + 276, 2*a = i + y. What are the prime factors of a?
2, 3
Let b(t) = -t**3 + 4*t**2 + t + 4. Let l be b(4). Suppose -c = -9*c - l. Let v = c + 15. List the prime factors of v.
2, 7
Let y = 32250 + -4204. List the prime factors of y.
2, 37, 379
Suppose 5*d = 10, -272*j + 5*d = -276*j + 203442. List the prime factors of j.
2, 59, 431
Let w(i) = -2*i + 48. Let s be w(23). Suppose -48 = -4*n - 3*y, -3*n + s*n + 13 = y. What are the prime factors of n?
3
Let l = -41 - -31. Let k be (-3)/((-75)/10) + (-986)/l. Let x = k + -6. What are the prime factors of x?
3, 31
Let r = 24807 - 8193. Suppose 22*c - r = 5210. What are the prime factors of c?
2, 31
Let o = 104317 + -60016. List the prime factors of o.
3, 14767
Suppose 4*p = 3*q - 5*q + 1310, 0 = 5*q - 4*p - 3205. What are the prime factors of q - (0/3 - 0)?
3, 5, 43
Let a(q) = q**2. Let x(r) = 17*r**2 + 12*r + 7. Let y(l) = -6*a(l) + x(l). List the prime factors of y(5).
2, 3, 19
Suppose -2*y - 8*y - 6*y = -220656. What are the prime factors of y?
3, 4597
Let x(h) = -2*h**3 - h**2 + 3*h - 1. Suppose 0 = 4*a - 8 + 4. Let k be x(a). List the prime factors of 1/((-720)/725 - k).
5, 29
Let b be 0 + (9 - 13 - (-6)/1). Suppose -1392 = -b*p - 2*q + 482, -952 = -p + 2*q. List the prime factors of p.
2, 3, 157
Let l(d) be the first derivative of -d**3/3 - 47*d**2 - 308*d - 179. What are the prime factors of l(-55)?
11, 167
Let l be 3/(-2)*128/(-4). Suppose 0 = -14*t + 8*t + l. Suppose t*j - 309 = 5*j. List the prime factors of j.
103
Let h = 1926 + 5897. What are the prime factors of h?
7823
Suppose -9*b = -14*b + 90. Suppose -b*g = -15*g. Suppose -3*u + 12*u - 1206 = g. What are the prime factors of u?
2, 67
Suppose -3*k - 2*t = -20, -8 = -4*k + 2*k +